uppose 0 = -7*o + 155401 - 764. Is o a composite number?
False
Let m = 7179 - 3338. Is m a composite number?
True
Suppose 2*c + 4*g = 5*c + 5, 2*c - 5*g = -1. Let w be 6/8*(-8)/c. Suppose -w*x + 5*m + 266 = m, 0 = -3*x + 5*m + 397. Is x a prime number?
False
Let x(p) = 19*p - 3. Let h(c) = -2*c + 2. Let i(w) = 4*h(w) + x(w). Let g be 0 + -2 - (0 - 5). Is i(g) a composite number?
True
Suppose -9*k = -k - 8. Is (2 + 53 - -3) + k a prime number?
True
Suppose 4*z + 1 + 11 = 0. Let n be 6/z - (-2 - 2). Let f(d) = 54*d**2 + 1. Is f(n) a composite number?
True
Is (-6 - (-87)/15) + 421668/15 a composite number?
False
Suppose -2*k + 2309 = -16665. Is k prime?
False
Is ((-37658)/(-12))/(-19)*-6 a composite number?
False
Let s = -292 + 1223. Suppose 3*k - 1400 = s. Suppose k - 131 = 2*o. Is o a prime number?
False
Suppose -2*z + 44 = 2*z. Suppose 0 = 3*n + 2*y - z, 6*y - 2*y + 13 = n. Suppose n*v + 1729 + 769 = 2*o, 0 = -5*v + 20. Is o composite?
False
Let p be (4/((-16)/(-12)))/((-3)/(-4)). Let i(z) = 468*z + 17. Is i(p) a composite number?
False
Let v be (11/2 + -2)*8. Let f be (-8)/14 + 16/v. Suppose -5*n + 1962 + 1853 = f. Is n a composite number?
True
Is (141031/(-22))/((-2)/4) prime?
True
Let p be (-2)/(((-12)/9)/(-2)). Let l be 1/(-6) + p/(-18). Suppose l = 6*h - 6547 + 1285. Is h composite?
False
Suppose -2*a = -5*d - 62533 - 12126, -d = 4*a - 149351. Is a composite?
False
Is (-18021)/(((-60)/(-140))/(2/(-14))) a prime number?
True
Suppose 0 = -4*q - 3*w + 381, 6*w = -q + 11*w + 78. Let c be ((-2)/(-3))/((-1)/75). Let o = c + q. Is o composite?
False
Let o = 9 - 17. Let m = o + 4. Let h(b) = -b**3 + 3*b**2 - 5*b - 3. Is h(m) a composite number?
True
Let o = -239 - -6352. Is o prime?
True
Is 1520599/238 - (-1)/(-14) a composite number?
False
Suppose -134*t = -131*t - 62421. Is t a prime number?
True
Suppose 12328 = 7*h - 6*h - o, -5*h = 4*o - 61595. Is h a composite number?
False
Is (-4)/(-6)*(-187893)/(-18) composite?
False
Let m = 127 - 124. Is m + 139 + (-3)/3 + 4 prime?
False
Suppose 4*u = -5*b + 29953, u = 4*b - 23948 - 27. Is b composite?
True
Let u be (-5)/(-2)*(-28)/(-35). Suppose 92 + 198 = u*z. Is z composite?
True
Suppose 3*i - 4*o = 1229, 5*i - i = -3*o + 1597. Is i prime?
False
Let n = -42002 + 62019. Is n composite?
True
Let z be (-6)/10 - 87/(-145). Suppose 7*b - 4*b - 1167 = z. Is b composite?
False
Suppose -4*f = 2*u - 3*u - 15193, -2*f + 3*u = -7599. Let n = f + -1997. Is n a prime number?
True
Let a(r) = -r**3 + 9*r**2 + 7*r + 9. Let p be a(-7). Suppose -4*t = -696 - p. Suppose 0 = -4*g + l + t, -3*g + 5*g - 186 = 2*l. Is g a prime number?
True
Let q be ((-69)/9)/(2/(-18) + 0). Suppose 2*l - 571 = -q. Is l a composite number?
False
Suppose -5*z + 27690 = 5*d, 29*d = -5*z + 32*d + 27698. Is z a prime number?
False
Is (2/6)/((-20)/(-519780)) prime?
True
Suppose -5*d + 6*d + 5*z = 23162, 0 = -d + z + 23156. Suppose 4*b = -s + 7709, -3*s - b + d = -4*b. Is s prime?
True
Suppose -3*a + 19 - 10 = 0. Suppose -4*l + 3092 = -2*f + 6*f, a*l = 6. Is f prime?
False
Suppose -2*q + 45 = -z + 176, 2*z + 2*q - 250 = 0. Is z prime?
True
Suppose -5*g + 11836 = 1041. Is g prime?
False
Suppose -v + 2*v = 4*m + 837, -2*m = -3*v + 2521. Is v a prime number?
False
Let h(f) = 298*f - 36. Let t be h(5). Let l = t - 117. Is l prime?
False
Suppose 5*x + l + 7980 = 0, 3*l + 661 = -4*x - 5712. Is (0 - x)*(2 + -1) prime?
True
Let n be 9/6 - 5022/(-12). Suppose -825 - n = -3*u. Is u a prime number?
False
Let h = -1046 + 3483. Is h prime?
True
Let f = -1 + 2. Let h(a) = a**3 - 14*a**2 - 29*a - 48. Let o be h(16). Is 8*(f/2 + o) a prime number?
False
Let i be 6/((-10)/(-4) - 1). Suppose i*y - 30 = -3*b, -2*y = 3*b - 15 - 9. Suppose -2*m = b, 0 = q + 3*m - 33 - 23. Is q a prime number?
False
Let l(f) = f + 4. Let a be l(0). Suppose -2*g - a*g = -1212. Is g composite?
True
Let o be 2/(1 - (-7)/(-6)). Let j = -8 - o. Is 1/j + 515/20 prime?
False
Let m = -21 + 21. Suppose m = 4*h + 9 - 773. Is h a prime number?
True
Suppose -5*h + 1048 + 207 = 0. Suppose 14*b - 808 - 32 = 0. Suppose j + u = 72, b = -3*j + 2*u + h. Is j composite?
False
Let d = -37 + 37. Suppose d = 4*y + 2*m - 2076, 5*y - 5*m - 2617 = -2*m. Is y a prime number?
True
Suppose 591 = c + 2*l, 1164 = 103*c - 101*c - 5*l. Is c a prime number?
True
Suppose 2*r = -5*t + 26555, 5850 = 3*r + 4*t - 33993. Is r a composite number?
True
Let p = -7802 - -15481. Suppose -5*u - 2*u = -p. Is u a prime number?
True
Let h = 1260 - -4002. Let k = 8615 - h. Is k a prime number?
False
Let b(p) = 6*p**2 + 2*p + 19. Let h(r) = 2*r**2 + r + 6. Let y(c) = 6*b(c) - 17*h(c). Is y(5) composite?
False
Let m be (-1278)/(-12) + (-1)/(-2). Let r be (1 - 2) + -26 + 2. Let j = m + r. Is j composite?
True
Suppose 3*y = 6, -4*y + 8 = -0*n + 2*n. Let g(c) = -26 + 2*c - 4*c + 229 + 0*c. Is g(n) a composite number?
True
Is 3*(-4 + 45637*8/12) prime?
False
Let c(o) = 6*o**2 - 9*o - 18. Let k be c(-20). Let h = 145 + k. Is h composite?
False
Let x(v) = -4408*v - 149. Is x(-10) composite?
True
Suppose 19 - 49 = -5*y. Let u be (2/6)/(y/1386). Suppose v = 17 + u. Is v prime?
False
Let p be (36/(-8))/(1/2). Let d = -11 - p. Let j = 17 - d. Is j composite?
False
Let w(h) = 18*h - 2. Let u(k) = k + 1. Let n be u(5). Let c be w(n). Is 1*c/(1 + 1) a prime number?
True
Suppose 0 = -b + 3*t + 812, -3*b + 857 = -4*t - 1554. Is b prime?
True
Let t = -187 - -1005. Suppose t = -c + 3*c. Is c prime?
True
Let z be 2 + (-2 - 4336 - 0). Let h = z + 6137. Is h a composite number?
False
Let o(g) = 2*g + 16. Let v be o(-7). Is v + 0 + (211 - -4) composite?
True
Suppose -5*k - 5*p + 30 = 0, 0*p - p - 14 = -4*k. Is (3 + -167)*(-5)/k prime?
False
Suppose -w = 3*h - 6, 11 = 4*h - 5*w + 3. Let l be 8 + (-1)/1 - h. Suppose 2*g = l*g - 231. Is g a prime number?
False
Let g = -1213 - -2056. Let s = 1576 - g. Suppose 13 = 2*r - s. Is r prime?
True
Let m be 4119/5 - 1/(-5). Suppose 5*z - m - 1126 = 0. Suppose -4*t + 3*t + 54 = 5*f, 5*t + f - z = 0. Is t a composite number?
False
Let w(c) = 3*c**2 - 39*c + 55. Is w(39) a composite number?
True
Suppose 0 = 3*j + 4*g - 125301, 78*g - 125316 = -3*j + 79*g. Is j a composite number?
False
Is (-9)/(-3) - (-1558 + 8) prime?
True
Let t(i) = -63*i + 5. Let k(g) = 6*g + 26. Let u be k(-6). Is t(u) a prime number?
False
Suppose -32*z + 98128 = -41296. Is z a prime number?
True
Suppose 3*c - 4*n = -1 + 21, 2*n = 3*c - 28. Let w = c + -10. Suppose h = w + 107. Is h prime?
True
Let a = 13 - 9. Suppose a*b + 1515 = 7*b. Is b a composite number?
True
Is 3/(-9)*243594/(-18) composite?
True
Let o(q) = 204*q - 2. Let t = 32 + -31. Is o(t) prime?
False
Is ((-1)/(-2))/(-12 + 20370321/1697526) prime?
True
Let h(u) = u**3 - 9*u**2 - 3*u - 12. Let s(a) be the third derivative of -5*a**4/24 - 4*a**2. Let v be s(-2). Is h(v) prime?
False
Let v = 32815 + -17396. Is v a prime number?
False
Let z(l) = 216*l**2 + 2*l + 3. Let t be ((-10)/(-5) - 4) + 0. Is z(t) a composite number?
False
Suppose -4*n + 145941 = l, -2*l - 109453 = 4*n - 7*n. Is n a composite number?
True
Let y(j) = -799*j**2 - j + 2. Let t be y(1). Let u = 1391 + t. Is u prime?
True
Suppose f - 3 = -3*n, 2*f - 6 = -n - 2*n. Suppose n = 2*a + 10 - 72. Is a composite?
False
Let h be 10/3*30/25. Suppose -3*a - a + h*l = -4, 5*l = 2*a + 7. Suppose 3*q + n - 6*n - 98 = 0, -a = n. Is q composite?
True
Suppose p + 4*t = -7 - 13, -5*t - 25 = 4*p. Suppose -10 = 3*n + 2*o, p*o - 5*o - 25 = n. Suppose 7*b - 3*b - 596 = n. Is b a composite number?
False
Let m(h) = -238*h - 79. Is m(-9) a prime number?
True
Suppose -o - 596 = -5*o. Suppose 2*u = -3*u. Suppose m + u*m - o = 0. Is m composite?
False
Is 6*110/60 + 63810 prime?
False
Suppose -3*m - 2178 = -4*k - 9627, k = -4*m + 9913. Is m composite?
True
Suppose 8*z + 42 = 11*z - 3*i, -63 = -3*z - 4*i. Suppose 11*f = z*f - 3894. Is f composite?
True
Let m(b) = -b**2 + 7*b - 6. Let a be m(4). Suppose 0*z + 2*z - a = c, -c + 10 = 2*z. Suppose 2*h = -4*s + 6*h + 356, c*h + 272 = 3*s. Is s prime?
False
Suppose 7*j = 19780 + 23935. Is j a composite number?
True
Suppose -4*x = 2*u - 0*u - 143046, 4*u = -x + 35779. Is x a prime number?
True
Suppose -3*x - 5*s + 1429 = 0, -2*s - 6 - 2 = 0. Suppose 10*b + 2*w = 5*b + 791, 3*b - x = -4*w. Is b a prime numbe